 divisor of g and r.
4
Suppose 0 = -4*h - 3*b + 95, -b - 29 = -h - 0*b. Suppose f - 141 = -81. Let l = f + -47. Calculate the greatest common factor of h and l.
13
Let r = -3889 - -4422. What is the greatest common factor of r and 41?
41
Let w(n) = -111*n**2 - 3*n - 4. Let q be w(-1). Let z = 131 + q. What is the highest common factor of 133 and z?
19
Let b be (-45)/(-10) + 2/(-4). Let a(j) = -j**3 + 6*j**2 + 5*j + 1. Let q be a(6). Let i = b + q. What is the greatest common divisor of i and 105?
35
Suppose 5*a = -n - 32 + 92, -5*a = -4*n + 165. What is the greatest common divisor of 1455 and n?
15
Let c be 3 - ((-1)/(-2) + (-117)/18). Let x be -5*(c/15 + 264/(-20)). Calculate the greatest common divisor of 18 and x.
9
Let n(d) = -3 - 28 + 8 + 3*d. Let c be n(10). Let j = 11 - c. Calculate the greatest common divisor of 12 and j.
4
Suppose -5*d = o - 13029, -4*o + 0*d - 3*d + 52065 = 0. Let w be (-20)/(-8) - o/(-36). What is the greatest common factor of w and 78?
26
Let d = -692 + 609. Let h = d - -117. Calculate the greatest common factor of 2 and h.
2
Suppose 14*b + 74*b = 44511 - 9663. What is the highest common factor of 72 and b?
36
Suppose 0 = 2*c - b - 53, 2*c - 2*b = 26 + 32. Calculate the greatest common divisor of c and 429.
3
Suppose 0 = i - j + 4, -i + 0*j - 2*j = -8. Suppose 2*m - 2*f - 20 = i, 55*f = -m + 52*f + 18. What is the greatest common divisor of 40 and m?
4
Let x = -2697 + 2701. Calculate the highest common factor of 306 and x.
2
Let n = 273 - 192. Suppose 0 = 6*y - 12*y - 12. Let r be 2*y/(-4)*9/1. Calculate the greatest common factor of r and n.
9
Let v be 1 + 6499 - (-3 - 4*35/(-20)). What is the highest common divisor of 896 and v?
224
Suppose 0 = -10*u + 2*u + 112. Let c(s) = s + 18. Let x be c(12). Let f = 44 - x. Calculate the greatest common factor of u and f.
14
Suppose 33*o + 4*y - 4988 = 30*o, 4*o - 6680 = 2*y. Calculate the greatest common factor of 139 and o.
139
Suppose 0 = -2*l - l + 3*z + 12, z - 4 = -l. Let d be 1*l - 8/2. Let t be ((-24)/(-14))/(d + 4/14). Calculate the greatest common factor of 66 and t.
6
Let l(v) = 2*v**3 - 4*v**2 - 2*v - 7. Suppose 0 = -28*p + 19*p + 27. Let d be l(p). Calculate the highest common factor of d and 55.
5
Let u(g) = g**2 + g. Let p(i) = -554*i**2 - 2*i + 1. Let a(s) = -p(s) - 2*u(s). Let w be a(-1). Calculate the highest common factor of w and 19.
19
Suppose -2*q + 1208 = -5*z, -586 = -q + 122*z - 124*z. What is the highest common factor of 11 and q?
11
Let y(k) = 18*k**3 + 11*k**2 + k + 54. Let x be y(4). Let s be -2*(-2)/(12/297). Calculate the greatest common factor of x and s.
99
Let x(l) = l**2 + 8*l - 94. Let r be x(8). Let s be (r/1)/((-11)/(-7 - 15)). Calculate the greatest common factor of 748 and s.
68
Let k be 20940/360 - 15/(-18). Let p(b) = -b**3 - 13*b**2 - 15*b + 7. Let n be p(-14). Calculate the greatest common factor of n and k.
59
Suppose 0 = -16231*s + 16227*s + 112. Calculate the greatest common factor of 1449 and s.
7
Suppose 10*b = 776 + 224. Let w(v) = -v**3 - 5*v**2 + 5*v - 3. Let c be w(-6). Suppose c*r - 5*r + 50 = 0. Calculate the highest common factor of b and r.
25
Let o(c) be the first derivative of -c**4/4 + 2*c**3 - 3*c**2 + c + 35. Let r be o(3). What is the highest common divisor of r and 50?
10
Suppose 2*v + 8 = 0, -5*v + 10855 = 43*a - 38*a. Calculate the greatest common factor of a and 50.
25
Let s(v) = 61*v + 2031. Let l be s(-33). Suppose 2*p - 3*p = u - 122, -16 = 4*p. Calculate the greatest common factor of u and l.
18
Let y(j) = j**3 - 37*j**2 - 77*j - 20. Let u be y(39). Suppose -t = -134 - 284. Calculate the greatest common factor of t and u.
19
Let v(x) = 5*x**2 - 16*x**2 - 21 + 21*x + 9*x**2. Let b be v(8). What is the highest common factor of 171 and b?
19
Suppose -5*m + 6*m - 124 = 0. Let x = 382 + m. Calculate the greatest common factor of 46 and x.
46
Suppose 0 = -5779*p + 5854*p - 1050. Calculate the highest common factor of p and 3031.
7
Let b = 3715 - 3707. Calculate the greatest common divisor of 168 and b.
8
Let r be (40/(-15))/4*96. Let a = r - -65. Calculate the highest common factor of a and 16.
1
Let w(n) = 137*n - 86. Let j(s) = -133*s + 87. Let v(y) = 5*j(y) + 6*w(y). Let q be v(3). Calculate the highest common factor of 30 and q.
30
Let g(p) = p**3 + 6*p**2 - 21*p - 10. Let b be (9 - (-561)/(-63)) + (-170)/21. Let d be g(b). What is the highest common divisor of 130 and d?
10
Suppose 36*k - 1061 = -341. Let a be -75*((-20)/3)/5. Calculate the greatest common factor of k and a.
20
Suppose 1467 = 2*w + 111. Suppose -186 - w = -2*g. What is the greatest common factor of g and 27?
27
Suppose -4*i = -2*p + 182, 0 = 4*p + i - 439 + 102. Calculate the greatest common divisor of p and 25.
5
Let s(k) = 7*k**2 + 4*k + 17. Let p be s(-6). Let h = p - 234. Calculate the highest common divisor of h and 121.
11
Suppose -5*d = 6*n - 3*n - 17, -2*n - 10 = -2*d. Let z be (-6 + d)*-3*18. What is the highest common factor of z and 189?
27
Let q(p) = 47*p**2 - 44*p + 8. Let a be q(-4). Calculate the highest common divisor of a and 216.
72
Suppose -2*y - 6 = -5*y. Suppose -y*c = -7*c - 10. Let p be (-3 + 2 + -1)*3/c. Calculate the highest common factor of p and 24.
3
Let u = -492 - -583. Let c(j) = -35*j - 71. Let g be c(-5). Calculate the highest common divisor of g and u.
13
Suppose -400 = -2*v + 3*y + 648, 2*y - 1068 = -2*v. Calculate the greatest common factor of v and 95.
5
Let b(v) = 389*v - 2735. Let h be b(21). Calculate the highest common factor of h and 26.
26
Suppose 0 = 4*h - 2*s - 348, -2*h + s = -h - 89. Let y = h + -63. Suppose 440 = y*p - 18*p. Calculate the greatest common divisor of 11 and p.
11
Let y = -7035 - -13563. Calculate the highest common divisor of 17 and y.
17
Suppose 958 + 978 = 11*d. Suppose -6*j + 238 + d = 0. Calculate the highest common divisor of 115 and j.
23
Suppose 0 = 3*n, 2*u - 3*n = -2*u. Suppose 3*v - 99 + 90 = u. Calculate the greatest common factor of v and 9.
3
Let q = -345 + 228. Let p be ((-4)/6)/(26/q). Calculate the highest common factor of p and 6.
3
Let u(c) = c**3 - 4*c**2 - 2*c - 11. Let j be u(5). Suppose 0 = -j*z + 11 + 21. Suppose 27 = 2*y + 11. Calculate the highest common factor of y and z.
8
Let p(n) = 14*n**2 - 18*n - 59. Let j be p(-3). Calculate the highest common divisor of 121 and j.
121
Let o be (-1 - 3)*(-42)/(-112)*-2. What is the highest common divisor of 471 and o?
3
Let x(h) = -h**3 + 6*h**2 + 33*h - 1. Suppose 6*u - 35 - 13 = 0. Let i be x(u). Calculate the highest common factor of 105 and i.
15
Let i be 7/(-14)*(-18)/3 - -1. Suppose -8*p = -9*p + i. Calculate the greatest common divisor of 124 and p.
4
Let o(g) = -515*g - 945. Let r be o(-2). Calculate the greatest common divisor of r and 15215.
85
Suppose -1300 + 166 = -6*c. Suppose -3*z = 2*q - 7*q + 390, 4*q = 3*z + 387. Let k = c + z. What is the greatest common factor of 16 and k?
16
Let d = -11 - -20. Suppose -108*m + 36*m = -40*m - 4896. Calculate the greatest common factor of m and d.
9
Suppose 44*c + 195 = 49*c. Suppose c = 21*j - 234. Calculate the greatest common factor of 91 and j.
13
Suppose 19*k + 12 = 16*k, -2*k = -4*u + 456. Suppose a = 3*d - 193 - u, -4*d + 390 = 2*a. Calculate the highest common factor of 16 and d.
4
Let i be (-1 - 0)*(1 - 4). Let y be 6*(i/(-5))/((-39)/130). Calculate the highest common divisor of y and 324.
12
Suppose -207*g + 1537 = -20612. Calculate the highest common factor of 11021 and g.
107
Suppose -4*s - 2*t - 4 = -16, -4*s = 4*t - 4. Suppose 12*m = 31 + s. What is the greatest common factor of 21 and m?
3
Let m be 2*-1 + 5*(204/(-30) + 10). What is the highest common divisor of 134 and m?
2
Let s be 7*(-12 + (-430)/(-35)). What is the highest common divisor of s and 458?
2
Let k be -2 + 24/10 - 512/80. Let c be (k/(-20)*-6)/((-49)/490). Let s = 324 - 126. Calculate the highest common divisor of c and s.
18
Let f = -294 + 474. Suppose 155 + 110 = 5*d - 5*y, -5*d + 335 = 5*y. Calculate the greatest common factor of f and d.
60
Suppose -58*i = -2*i - 1288. Suppose 196 = -i*u + 2404. What is the highest common divisor of 128 and u?
32
Suppose 3*t - 1 = -2*v, 136*v - 139*v + 19 = t. Suppose -4*w - 14 = -k, -4*k = -6*w + 3*w - 30. What is the highest common diviso